{"id":2,"date":"2021-01-10T13:05:41","date_gmt":"2021-01-10T13:05:41","guid":{"rendered":"http:\/\/hotel-riegele.de\/?page_id=2"},"modified":"2021-01-13T04:31:51","modified_gmt":"2021-01-13T04:31:51","slug":"hotel-2","status":"publish","type":"page","link":"https:\/\/hotel-riegele.de\/?page_id=2","title":{"rendered":"Unser Hotel"},"content":{"rendered":"\n<h2 class=\"has-text-align-center wp-block-heading\">Lernen sie unser Hotel kennen!<\/h2>\n\n\n\n<p class=\"has-text-align-center\">Der Hotelservice wird in der heutigen Welt des immer gr\u00f6\u00dfer werdenden Reisens und der wachsenden Notwendigkeit, Geld zu sparen, zu einer Priorit\u00e4t. Der Hotelservice ist eine Branche, die ein schnelles Wachstum verzeichnet, da in allen Gastgewerbebranchen Kostensenkungen vorgenommen werden. Mit der Verbesserung der Technologie wird erwartet, dass das Serviceniveau mitw\u00e4chst, was die heutige Hotelbranche f\u00fcr heutige Reisende noch komfortabler und erschwinglicher macht.<\/p>\n\n\n\n<p class=\"has-text-align-center\">Der neueste Vorteil, der Reisenden derzeit zur Verf\u00fcgung steht, ist der Zimmerservice. Die neue Generation des Zimmerservice verf\u00fcgt \u00fcber eine drahtlose Funktion, mit der der Heimcomputer des Kunden auf die Reservierungs- und Zahlungsinformationen zugreifen kann. Au\u00dferdem kann das Ger\u00e4t die Beleuchtung, Heizung, Sicherheit und mehr fernsteuern und den Kunden einen \u00e4hnlichen Komfort bieten wie in ihre eigenen H\u00e4user. Der neue Zimmerservice ist vollst\u00e4ndig in die Reservierungs- und Zahlungsinformationen integriert. Die neue Generation des Zimmerservice verf\u00fcgt \u00fcber drahtlose Funktionen, mit denen der Heimcomputer des Kunden auf die Reservierungs- und Zahlungsinformationen zugreifen kann. Das Ger\u00e4t kann au\u00dferdem Beleuchtung, Heizung, Sicherheit und mehr fernsteuern und den Kunden einen \u00e4hnlichen Komfort bieten wie in ihre eigenen H\u00e4user. Der Kunde kann nicht nur die Art des Service (Zimmer, Zimmerreinigung usw.) programmieren, sondern auch, welche Artikel zum Abendessen oder Fr\u00fchst\u00fcck geh\u00f6ren sollen (Kaffee, Croissants, Speck, Muffins usw.).<\/p>\n\n\n\n<h2 class=\"has-text-align-center wp-block-heading\">Zimmerservice<\/h2>\n\n\n\n<p class=\"has-text-align-center\">Eine weitere wichtige Facette des Zimmerservice ist die Hinzuf\u00fcgung eines Foodrunners. Der Food Runner ist ein weiteres Ger\u00e4t, mit dem die Bereitstellung des Zimmerservice (Fr\u00fchst\u00fcck, Mittag- und Abendessen) automatisiert wird. Der Food Runner ist entweder mit einer Mikrowelle oder einem Hei\u00dfluftofen ausgestattet, der mit einem Timer-System verbunden ist, das das Ger\u00e4t zu einer festgelegten Zeit aktiviert, um sicherzustellen, dass alle Personen, die bedient werden, bereits bedient wurden, wenn der Timer abgelaufen ist. Der Food Runner ben\u00f6tigt au\u00dferdem einen internen Speicher (der von einem externen Flash-Laufwerk oder einem digitalen Speicherkartenleser gesichert werden kann) und ist an einen Computer angeschlossen. Auf dem Computer zeigt der Gast die Men\u00fcoptionen an, bezahlt das Essen und \u00fcberpr\u00fcft seinen Status (unabh\u00e4ngig davon, ob er gerade beim Zimmerservice ist oder nicht).<\/p>\n\n\n\n<p class=\"has-text-align-center\">Der Zimmerservice wird auch in Hotels mit j\u00fcngeren G\u00e4sten wie Kindern genutzt. Ein Hotel kann das System in das Zimmer seines Kindes integrieren, um ihm beim Einchecken den Zugang zum Zimmer zu erm\u00f6glichen und dasselbe Men\u00fc herunterzuladen, das im gesamten Betrieb verwendet wird. Einige Hotels bieten separate Zimmer und Suiten (Kinderzimmer und Suiten) nur mit Zimmerservice. Andere Hotels bieten Zimmerservice f\u00fcr jedes Zimmer, das einem Gast zugewiesen ist (einschlie\u00dflich Doppel-, Zweibett- und Kingsize-Suiten). Dies ist eine bequeme M\u00f6glichkeit, den \u00dcbergang der Eltern von zu Hause zum Hotel vorzunehmen.<\/p>\n\n\n\n<p class=\"has-text-align-center\">Der Zimmerservice des Hotels bietet dem Kunden einen au\u00dfergew\u00f6hnlichen Service, da er h\u00e4ufig eine h\u00f6here Qualit\u00e4t aufweist als andere Formen des Zimmerservice. Da sich die Technologie und die Lebensqualit\u00e4t in einer Gesellschaft weiter ver\u00e4ndern, ist es f\u00fcr ein Hotel wichtiger denn je, die neuesten Annehmlichkeiten und Dienstleistungen anzubieten. Traditionalisten m\u00f6gen die \u00c4nderungen vielleicht nicht, aber viele G\u00e4ste sch\u00e4tzen den zus\u00e4tzlichen Komfort und den pers\u00f6nlichen Service. Der Zimmerservice bietet sogar den zus\u00e4tzlichen Vorteil, dass die Reinigung vor Ort reduziert wird. Oft ist dies der Unterschied zwischen einer gro\u00dfartigen und einer schrecklichen Erfahrung. Der Zimmerservice des Hotels bietet dem Kunden viel mehr M\u00f6glichkeiten als in der Vergangenheit.<\/p>\n\n\n\n<p class=\"has-text-align-center\">Insgesamt ist der Zimmerservice ein Service, der das Kundenerlebnis bei einem Hotelaufenthalt verbessert. Sie k\u00f6nnen an die spezifischen Bed\u00fcrfnisse der G\u00e4ste angepasst werden, unabh\u00e4ngig davon, ob sie besondere di\u00e4tetische Einschr\u00e4nkungen haben, \u00e4lter sind oder einen bestimmten Zeitplan haben, der einen konsistenten Service erfordert. Diese Kunden sch\u00e4tzen in der Regel die pers\u00f6nliche Betreuung, die Qualit\u00e4t der Lebensmittel und die Bequemlichkeit, alle ihre Bed\u00fcrfnisse zu erf\u00fcllen. All diese Dienstleistungen f\u00fchren zu zufriedeneren G\u00e4sten und h\u00f6heren Bewertungen f\u00fcr das gesamte Unternehmen.<\/p>\n","protected":false},"excerpt":{"rendered":"<p>Lernen sie unser Hotel kennen! Der Hotelservice wird in der heutigen Welt des immer gr\u00f6\u00dfer werdenden Reisens und der wachsenden Notwendigkeit, Geld zu sparen, zu einer Priorit\u00e4t. Der Hotelservice ist eine Branche, die ein schnelles Wachstum verzeichnet, da in allen Gastgewerbebranchen Kostensenkungen vorgenommen werden. Mit der Verbesserung der Technologie wird erwartet, dass das Serviceniveau mitw\u00e4chst,<span class=\"post-excerpt-end\">&hellip;<\/span><\/p>\n<p class=\"more-link\"><a href=\"https:\/\/hotel-riegele.de\/?page_id=2\" class=\"themebutton\">Read More<\/a><\/p>\n","protected":false},"author":1,"featured_media":0,"parent":0,"menu_order":0,"comment_status":"closed","ping_status":"closed","template":"","meta":{"footnotes":""},"class_list":["post-2","page","type-page","status-publish","hentry"],"yoast_head":"<!-- This site is optimized with the Yoast SEO plugin v27.5 - https:\/\/yoast.com\/product\/yoast-seo-wordpress\/ -->\n<title>Unser Hotel - Hotel Riegele<\/title>\n<meta name=\"robots\" content=\"index, follow, max-snippet:-1, max-image-preview:large, max-video-preview:-1\" \/>\n<link rel=\"canonical\" href=\"https:\/\/hotel-riegele.de\/?page_id=2\" \/>\n<meta property=\"og:locale\" content=\"de_DE\" \/>\n<meta property=\"og:type\" content=\"article\" \/>\n<meta property=\"og:title\" content=\"Unser Hotel - Hotel Riegele\" \/>\n<meta property=\"og:description\" content=\"Lernen sie unser Hotel kennen! Der Hotelservice wird in der heutigen Welt des immer gr\u00f6\u00dfer werdenden Reisens und der wachsenden Notwendigkeit, Geld zu sparen, zu einer Priorit\u00e4t. Der Hotelservice ist eine Branche, die ein schnelles Wachstum verzeichnet, da in allen Gastgewerbebranchen Kostensenkungen vorgenommen werden. Mit der Verbesserung der Technologie wird erwartet, dass das Serviceniveau mitw\u00e4chst,&hellip;Read More\" \/>\n<meta property=\"og:url\" content=\"https:\/\/hotel-riegele.de\/?page_id=2\" \/>\n<meta property=\"og:site_name\" content=\"Hotel Riegele\" \/>\n<meta property=\"article:modified_time\" content=\"2021-01-13T04:31:51+00:00\" \/>\n<meta name=\"twitter:card\" content=\"summary_large_image\" \/>\n<meta name=\"twitter:label1\" content=\"Gesch\u00e4tzte Lesezeit\" \/>\n\t<meta name=\"twitter:data1\" content=\"3\u00a0Minuten\" \/>\n<script type=\"application\/ld+json\" class=\"yoast-schema-graph\">{\"@context\":\"https:\\\/\\\/schema.org\",\"@graph\":[{\"@type\":\"WebPage\",\"@id\":\"https:\\\/\\\/hotel-riegele.de\\\/?page_id=2\",\"url\":\"https:\\\/\\\/hotel-riegele.de\\\/?page_id=2\",\"name\":\"Unser Hotel - Hotel Riegele\",\"isPartOf\":{\"@id\":\"https:\\\/\\\/hotel-riegele.de\\\/#website\"},\"datePublished\":\"2021-01-10T13:05:41+00:00\",\"dateModified\":\"2021-01-13T04:31:51+00:00\",\"breadcrumb\":{\"@id\":\"https:\\\/\\\/hotel-riegele.de\\\/?page_id=2#breadcrumb\"},\"inLanguage\":\"de\",\"potentialAction\":[{\"@type\":\"ReadAction\",\"target\":[\"https:\\\/\\\/hotel-riegele.de\\\/?page_id=2\"]}]},{\"@type\":\"BreadcrumbList\",\"@id\":\"https:\\\/\\\/hotel-riegele.de\\\/?page_id=2#breadcrumb\",\"itemListElement\":[{\"@type\":\"ListItem\",\"position\":1,\"name\":\"Home\",\"item\":\"https:\\\/\\\/hotel-riegele.de\\\/\"},{\"@type\":\"ListItem\",\"position\":2,\"name\":\"Unser Hotel\"}]},{\"@type\":\"WebSite\",\"@id\":\"https:\\\/\\\/hotel-riegele.de\\\/#website\",\"url\":\"https:\\\/\\\/hotel-riegele.de\\\/\",\"name\":\"Hotel Riegele\",\"description\":\"Coffeeshop und B\u00e4ckerei\",\"publisher\":{\"@id\":\"https:\\\/\\\/hotel-riegele.de\\\/#organization\"},\"potentialAction\":[{\"@type\":\"SearchAction\",\"target\":{\"@type\":\"EntryPoint\",\"urlTemplate\":\"https:\\\/\\\/hotel-riegele.de\\\/?s={search_term_string}\"},\"query-input\":{\"@type\":\"PropertyValueSpecification\",\"valueRequired\":true,\"valueName\":\"search_term_string\"}}],\"inLanguage\":\"de\"},{\"@type\":\"Organization\",\"@id\":\"https:\\\/\\\/hotel-riegele.de\\\/#organization\",\"name\":\"Hotel Riegele\",\"url\":\"https:\\\/\\\/hotel-riegele.de\\\/\",\"logo\":{\"@type\":\"ImageObject\",\"inLanguage\":\"de\",\"@id\":\"https:\\\/\\\/hotel-riegele.de\\\/#\\\/schema\\\/logo\\\/image\\\/\",\"url\":\"https:\\\/\\\/hotel-riegele.de\\\/wp-content\\\/uploads\\\/2021\\\/01\\\/hotel-riegele.png\",\"contentUrl\":\"https:\\\/\\\/hotel-riegele.de\\\/wp-content\\\/uploads\\\/2021\\\/01\\\/hotel-riegele.png\",\"width\":200,\"height\":80,\"caption\":\"Hotel Riegele\"},\"image\":{\"@id\":\"https:\\\/\\\/hotel-riegele.de\\\/#\\\/schema\\\/logo\\\/image\\\/\"}}]}<\/script>\n<!-- \/ Yoast SEO plugin. -->","yoast_head_json":{"title":"Unser Hotel - Hotel Riegele","robots":{"index":"index","follow":"follow","max-snippet":"max-snippet:-1","max-image-preview":"max-image-preview:large","max-video-preview":"max-video-preview:-1"},"canonical":"https:\/\/hotel-riegele.de\/?page_id=2","og_locale":"de_DE","og_type":"article","og_title":"Unser Hotel - Hotel Riegele","og_description":"Lernen sie unser Hotel kennen! Der Hotelservice wird in der heutigen Welt des immer gr\u00f6\u00dfer werdenden Reisens und der wachsenden Notwendigkeit, Geld zu sparen, zu einer Priorit\u00e4t. Der Hotelservice ist eine Branche, die ein schnelles Wachstum verzeichnet, da in allen Gastgewerbebranchen Kostensenkungen vorgenommen werden. Mit der Verbesserung der Technologie wird erwartet, dass das Serviceniveau mitw\u00e4chst,&hellip;Read More","og_url":"https:\/\/hotel-riegele.de\/?page_id=2","og_site_name":"Hotel Riegele","article_modified_time":"2021-01-13T04:31:51+00:00","twitter_card":"summary_large_image","twitter_misc":{"Gesch\u00e4tzte Lesezeit":"3\u00a0Minuten"},"schema":{"@context":"https:\/\/schema.org","@graph":[{"@type":"WebPage","@id":"https:\/\/hotel-riegele.de\/?page_id=2","url":"https:\/\/hotel-riegele.de\/?page_id=2","name":"Unser Hotel - Hotel Riegele","isPartOf":{"@id":"https:\/\/hotel-riegele.de\/#website"},"datePublished":"2021-01-10T13:05:41+00:00","dateModified":"2021-01-13T04:31:51+00:00","breadcrumb":{"@id":"https:\/\/hotel-riegele.de\/?page_id=2#breadcrumb"},"inLanguage":"de","potentialAction":[{"@type":"ReadAction","target":["https:\/\/hotel-riegele.de\/?page_id=2"]}]},{"@type":"BreadcrumbList","@id":"https:\/\/hotel-riegele.de\/?page_id=2#breadcrumb","itemListElement":[{"@type":"ListItem","position":1,"name":"Home","item":"https:\/\/hotel-riegele.de\/"},{"@type":"ListItem","position":2,"name":"Unser Hotel"}]},{"@type":"WebSite","@id":"https:\/\/hotel-riegele.de\/#website","url":"https:\/\/hotel-riegele.de\/","name":"Hotel Riegele","description":"Coffeeshop und B\u00e4ckerei","publisher":{"@id":"https:\/\/hotel-riegele.de\/#organization"},"potentialAction":[{"@type":"SearchAction","target":{"@type":"EntryPoint","urlTemplate":"https:\/\/hotel-riegele.de\/?s={search_term_string}"},"query-input":{"@type":"PropertyValueSpecification","valueRequired":true,"valueName":"search_term_string"}}],"inLanguage":"de"},{"@type":"Organization","@id":"https:\/\/hotel-riegele.de\/#organization","name":"Hotel Riegele","url":"https:\/\/hotel-riegele.de\/","logo":{"@type":"ImageObject","inLanguage":"de","@id":"https:\/\/hotel-riegele.de\/#\/schema\/logo\/image\/","url":"https:\/\/hotel-riegele.de\/wp-content\/uploads\/2021\/01\/hotel-riegele.png","contentUrl":"https:\/\/hotel-riegele.de\/wp-content\/uploads\/2021\/01\/hotel-riegele.png","width":200,"height":80,"caption":"Hotel Riegele"},"image":{"@id":"https:\/\/hotel-riegele.de\/#\/schema\/logo\/image\/"}}]}},"_links":{"self":[{"href":"https:\/\/hotel-riegele.de\/index.php?rest_route=\/wp\/v2\/pages\/2","targetHints":{"allow":["GET"]}}],"collection":[{"href":"https:\/\/hotel-riegele.de\/index.php?rest_route=\/wp\/v2\/pages"}],"about":[{"href":"https:\/\/hotel-riegele.de\/index.php?rest_route=\/wp\/v2\/types\/page"}],"author":[{"embeddable":true,"href":"https:\/\/hotel-riegele.de\/index.php?rest_route=\/wp\/v2\/users\/1"}],"replies":[{"embeddable":true,"href":"https:\/\/hotel-riegele.de\/index.php?rest_route=%2Fwp%2Fv2%2Fcomments&post=2"}],"version-history":[{"count":3,"href":"https:\/\/hotel-riegele.de\/index.php?rest_route=\/wp\/v2\/pages\/2\/revisions"}],"predecessor-version":[{"id":20,"href":"https:\/\/hotel-riegele.de\/index.php?rest_route=\/wp\/v2\/pages\/2\/revisions\/20"}],"wp:attachment":[{"href":"https:\/\/hotel-riegele.de\/index.php?rest_route=%2Fwp%2Fv2%2Fmedia&parent=2"}],"curies":[{"name":"wp","href":"https:\/\/api.w.org\/{rel}","templated":true}]}}